{"id":13,"date":"2025-02-28T12:35:04","date_gmt":"2025-02-28T12:35:04","guid":{"rendered":"https:\/\/zspnowabrzeznica.pl\/?page_id=13"},"modified":"2025-07-01T18:55:34","modified_gmt":"2025-07-01T18:55:34","slug":"przedszkole","status":"publish","type":"page","link":"https:\/\/zspnowabrzeznica.pl\/index.php\/przedszkole\/","title":{"rendered":"Przedszkole w Nowej Brze\u017anicy"},"content":{"rendered":"\n<p>Przedszkole w Nowej Brze\u017anicy to plac\u00f3wka czterooddzia\u0142owa. Do przedszkola ucz\u0119szczaj\u0105 dzieci w wieku od 3 do 6 lat. Plac\u00f3wka czynna jest od godz. 7.00 do 16.00. Panuje u nas domowa atmosfera, zapewniamy indywidualne podej\u015bcie do ka\u017cdego przedszkolaka.<\/p>\n\n\n\n<p>Sale zabaw s\u0105 s\u0142oneczne, funkcjonalne i wyposa\u017cone w kolorowe i estetyczne mebelki.<\/p>\n\n\n\n<p>W szatni umieszczone s\u0105 tablice z informacjami dla rodzic\u00f3w oraz tablice, na kt\u00f3rych eksponowane s\u0105 prace plastyczne dzieci.<\/p>\n\n\n\n<p>Zalety naszego przedszkola to:<\/p>\n\n\n\n<ul class=\"wp-block-list\">\n<li>bardzo dobrze wykszta\u0142cona kadra pedagogiczna,<\/li>\n\n\n\n<li>wsp\u00f3\u0142praca z Poradni\u0105 Pedagogiczn\u0105 \u2013 Psychologiczn\u0105,<\/li>\n\n\n\n<li>organizacja uroczysto\u015bci rodzinnych i okoliczno\u015bciowych,<\/li>\n\n\n\n<li>uczestnictwo dzieci w spotkaniach z ciekawymi lud\u017ami,<\/li>\n\n\n\n<li>mo\u017cliwo\u015b\u0107 nauki j\u0119zyka angielskiego,<\/li>\n\n\n\n<li>nauka religii,<\/li>\n\n\n\n<li>mo\u017cliwo\u015b\u0107 nauki ta\u0144ca,<\/li>\n\n\n\n<li>udzia\u0142 dzieci w konkursach wewn\u0105trz-przedszkolnych i organizowanych przez inne plac\u00f3wki,<\/li>\n\n\n\n<li>du\u017ce efekty pracy w przygotowaniu dzieci 6-letnich do rozpocz\u0119cia nauki w szkole,<\/li>\n\n\n\n<li>mi\u0142a i przyjazna atmosfera.<\/li>\n<\/ul>\n\n\n\n<p><\/p>\n\n\n\n<p>Pragniemy, aby nasze kompetencje, przyj\u0119ty system warto\u015bci i zaanga\u017cowanie pracownik\u00f3w przedszkola przyczyni\u0142y si\u0119 do rozwoju osobowo\u015bci dziecka i pozwoli\u0142y mu rado\u015bnie prze\u017cy\u0107 niepowtarzalny okres dzieci\u0144stwa.<\/p>\n\n\n\n<h2 class=\"wp-block-heading has-text-align-center\"><a href=\"https:\/\/zspnowabrzeznica.pl\/index.php\/przedszkole-rekrutacja\/\">Rekrutacja<\/a><\/h2>\n\n\n\n<h2 class=\"wp-block-heading has-text-align-center\"><a href=\"https:\/\/zspnowabrzeznica.pl\/index.php\/przedszkole-grono-pedagogiczne\/\">Grono Pedagogiczne<\/a><\/h2>\n","protected":false},"excerpt":{"rendered":"<p>Przedszkole w Nowej Brze\u017anicy to plac\u00f3wka czterooddzia\u0142owa. Do przedszkola ucz\u0119szczaj\u0105 dzieci w wieku od 3 do 6 lat. Plac\u00f3wka czynna [&hellip;]<\/p>\n","protected":false},"author":1,"featured_media":700,"parent":0,"menu_order":0,"comment_status":"closed","ping_status":"closed","template":"","meta":{"ngg_post_thumbnail":0,"footnotes":""},"class_list":["post-13","page","type-page","status-publish","has-post-thumbnail","hentry"],"_links":{"self":[{"href":"https:\/\/zspnowabrzeznica.pl\/index.php\/wp-json\/wp\/v2\/pages\/13","targetHints":{"allow":["GET"]}}],"collection":[{"href":"https:\/\/zspnowabrzeznica.pl\/index.php\/wp-json\/wp\/v2\/pages"}],"about":[{"href":"https:\/\/zspnowabrzeznica.pl\/index.php\/wp-json\/wp\/v2\/types\/page"}],"author":[{"embeddable":true,"href":"https:\/\/zspnowabrzeznica.pl\/index.php\/wp-json\/wp\/v2\/users\/1"}],"replies":[{"embeddable":true,"href":"https:\/\/zspnowabrzeznica.pl\/index.php\/wp-json\/wp\/v2\/comments?post=13"}],"version-history":[{"count":7,"href":"https:\/\/zspnowabrzeznica.pl\/index.php\/wp-json\/wp\/v2\/pages\/13\/revisions"}],"predecessor-version":[{"id":1931,"href":"https:\/\/zspnowabrzeznica.pl\/index.php\/wp-json\/wp\/v2\/pages\/13\/revisions\/1931"}],"wp:featuredmedia":[{"embeddable":true,"href":"https:\/\/zspnowabrzeznica.pl\/index.php\/wp-json\/wp\/v2\/media\/700"}],"wp:attachment":[{"href":"https:\/\/zspnowabrzeznica.pl\/index.php\/wp-json\/wp\/v2\/media?parent=13"}],"curies":[{"name":"wp","href":"https:\/\/api.w.org\/{rel}","templated":true}]}}

Przedszkole w Nowej Brzeźnicy

<p>Przedszkole w Nowej Brzeźnicy to placówka czterooddziałowa. Do przedszkola uczęszczają dzieci w wieku od 3 do 6 lat. Placówka czynna jest od godz. 7.00 do 16.00. Panuje u nas domowa atmosfera, zapewniamy indywidualne podejście do każdego przedszkolaka.</p>



<p>Sale zabaw są słoneczne, funkcjonalne i wyposażone w kolorowe i estetyczne mebelki.</p>



<p>W szatni umieszczone są tablice z informacjami dla rodziców oraz tablice, na których eksponowane są prace plastyczne dzieci.</p>



<p>Zalety naszego przedszkola to:</p>



<ul class="wp-block-list">
<li>bardzo dobrze wykształcona kadra pedagogiczna,</li>



<li>współpraca z Poradnią Pedagogiczną – Psychologiczną,</li>



<li>organizacja uroczystości rodzinnych i okolicznościowych,</li>



<li>uczestnictwo dzieci w spotkaniach z ciekawymi ludźmi,</li>



<li>możliwość nauki języka angielskiego,</li>



<li>nauka religii,</li>



<li>możliwość nauki tańca,</li>



<li>udział dzieci w konkursach wewnątrz-przedszkolnych i organizowanych przez inne placówki,</li>



<li>duże efekty pracy w przygotowaniu dzieci 6-letnich do rozpoczęcia nauki w szkole,</li>



<li>miła i przyjazna atmosfera.</li>
</ul>



<p></p>



<p>Pragniemy, aby nasze kompetencje, przyjęty system wartości i zaangażowanie pracowników przedszkola przyczyniły się do rozwoju osobowości dziecka i pozwoliły mu radośnie przeżyć niepowtarzalny okres dzieciństwa.</p>



<h2 class="wp-block-heading has-text-align-center"><a href="https://zspnowabrzeznica.pl/index.php/przedszkole-rekrutacja/">Rekrutacja</a></h2>



<h2 class="wp-block-heading has-text-align-center"><a href="https://zspnowabrzeznica.pl/index.php/przedszkole-grono-pedagogiczne/">Grono Pedagogiczne</a></h2>

<p>Przedszkole w Nowej Brzeźnicy to placówka czterooddziałowa. Do przedszkola uczęszczają dzieci w wieku od 3 do 6 lat. Placówka czynna [&hellip;]</p>
