{"id":4304,"date":"2026-04-03T09:42:25","date_gmt":"2026-04-03T09:42:25","guid":{"rendered":"https:\/\/zspnowabrzeznica.pl\/?page_id=4304"},"modified":"2026-04-10T12:10:11","modified_gmt":"2026-04-10T12:10:11","slug":"zaproszenie","status":"publish","type":"page","link":"https:\/\/zspnowabrzeznica.pl\/index.php\/zaproszenie\/","title":{"rendered":"Zaproszenie"},"content":{"rendered":"<div class=\"wp-block-image\">\n<figure class=\"aligncenter size-large\"><img loading=\"lazy\" decoding=\"async\" width=\"1024\" height=\"906\" src=\"https:\/\/zspnowabrzeznica.pl\/wp-content\/uploads\/2026\/04\/2026-04-09_dzienmamy2-1024x906.jpg\" alt=\"\" class=\"wp-image-4314\" srcset=\"https:\/\/zspnowabrzeznica.pl\/wp-content\/uploads\/2026\/04\/2026-04-09_dzienmamy2-1024x906.jpg 1024w, https:\/\/zspnowabrzeznica.pl\/wp-content\/uploads\/2026\/04\/2026-04-09_dzienmamy2-300x266.jpg 300w, https:\/\/zspnowabrzeznica.pl\/wp-content\/uploads\/2026\/04\/2026-04-09_dzienmamy2-768x680.jpg 768w, https:\/\/zspnowabrzeznica.pl\/wp-content\/uploads\/2026\/04\/2026-04-09_dzienmamy2-1536x1359.jpg 1536w, https:\/\/zspnowabrzeznica.pl\/wp-content\/uploads\/2026\/04\/2026-04-09_dzienmamy2-24x21.jpg 24w, https:\/\/zspnowabrzeznica.pl\/wp-content\/uploads\/2026\/04\/2026-04-09_dzienmamy2-36x32.jpg 36w, https:\/\/zspnowabrzeznica.pl\/wp-content\/uploads\/2026\/04\/2026-04-09_dzienmamy2-70x62.jpg 70w, https:\/\/zspnowabrzeznica.pl\/wp-content\/uploads\/2026\/04\/2026-04-09_dzienmamy2.jpg 1600w\" sizes=\"auto, (max-width: 1024px) 100vw, 1024px\" \/><\/figure>\n<\/div>\n\n\n<p class=\"has-text-align-center\"><em> Serdecznie zapraszamy wszystkich rodzic\u00f3w uczni\u00f3w naszej szko\u0142y na<\/em>\u00a0<em>uroczyst\u0105 akademi\u0119 z<\/em>\u00a0<em>okazji Dnia Matki i<\/em>\u00a0<em>Ojca dn. 29<\/em>\u00a0<em>maja 2026 r. o godz. 9.00. <\/em><\/p>\n\n\n\n<p class=\"has-text-align-center\"><em>Serdecznie zapraszaj\u0105 Dyrekcja szko\u0142y, nauczyciele i uczniowie.<\/em><\/p>\n\n\n\n<p><\/p>\n","protected":false},"excerpt":{"rendered":"<p>Serdecznie zapraszamy wszystkich rodzic\u00f3w uczni\u00f3w naszej szko\u0142y na\u00a0uroczyst\u0105 akademi\u0119 z\u00a0okazji Dnia Matki i\u00a0Ojca dn. 29\u00a0maja 2026 r. o godz. 9.00. [&hellip;]<\/p>\n","protected":false},"author":1,"featured_media":4322,"parent":0,"menu_order":0,"comment_status":"closed","ping_status":"closed","template":"","meta":{"ngg_post_thumbnail":0,"footnotes":""},"class_list":["post-4304","page","type-page","status-publish","has-post-thumbnail","hentry"],"_links":{"self":[{"href":"https:\/\/zspnowabrzeznica.pl\/index.php\/wp-json\/wp\/v2\/pages\/4304","targetHints":{"allow":["GET"]}}],"collection":[{"href":"https:\/\/zspnowabrzeznica.pl\/index.php\/wp-json\/wp\/v2\/pages"}],"about":[{"href":"https:\/\/zspnowabrzeznica.pl\/index.php\/wp-json\/wp\/v2\/types\/page"}],"author":[{"embeddable":true,"href":"https:\/\/zspnowabrzeznica.pl\/index.php\/wp-json\/wp\/v2\/users\/1"}],"replies":[{"embeddable":true,"href":"https:\/\/zspnowabrzeznica.pl\/index.php\/wp-json\/wp\/v2\/comments?post=4304"}],"version-history":[{"count":8,"href":"https:\/\/zspnowabrzeznica.pl\/index.php\/wp-json\/wp\/v2\/pages\/4304\/revisions"}],"predecessor-version":[{"id":4319,"href":"https:\/\/zspnowabrzeznica.pl\/index.php\/wp-json\/wp\/v2\/pages\/4304\/revisions\/4319"}],"wp:featuredmedia":[{"embeddable":true,"href":"https:\/\/zspnowabrzeznica.pl\/index.php\/wp-json\/wp\/v2\/media\/4322"}],"wp:attachment":[{"href":"https:\/\/zspnowabrzeznica.pl\/index.php\/wp-json\/wp\/v2\/media?parent=4304"}],"curies":[{"name":"wp","href":"https:\/\/api.w.org\/{rel}","templated":true}]}}