{"id":457,"date":"2025-03-19T10:35:44","date_gmt":"2025-03-19T10:35:44","guid":{"rendered":"https:\/\/zspnowabrzeznica.pl\/?page_id=457"},"modified":"2025-11-04T18:31:01","modified_gmt":"2025-11-04T18:31:01","slug":"dowozy-i-odwozy","status":"publish","type":"page","link":"https:\/\/zspnowabrzeznica.pl\/index.php\/dowozy-i-odwozy\/","title":{"rendered":"Dowozy i odwozy"},"content":{"rendered":"\n<p>harmonogram dowoz\u00f3w i odwoz\u00f3w uczni\u00f3w.<\/p>\n\n\n\n<h3 class=\"wp-block-heading has-text-align-center\">DOWOZY &#8211; DNI NAUKI SZKOLNEJ 2025\/2026<\/h3>\n\n\n\n<p class=\"has-text-align-left\"><strong>Autobus Nr 1<\/strong><br>Kurs nr 1<br>07:15 Gaj\u0119cice Stare<br>07:20 Janki<br>07:25 Konstantyn\u00f3w<br>07:30 Dworszowice Ko\u015bcielne,<\/p>\n\n\n\n<p>Kurs nr 2<br>07:45 W\u00f3lka Prusicka<br>07:50 Ku\u017anica<br>07:55 Gojsc<\/p>\n\n\n\n<p><strong>Autobus Nr 2<\/strong><br>Kurs nr 1<br>07:30 Zapole<br>07:35 Rz\u0119dowie<br>07:45 Prusicko<br>07:55 Wa\u017cne M\u0142yny<br>08:00 Stara Brze\u017anica<\/p>\n\n\n\n<p><strong>Autobus Nr 3<\/strong><br>Kurs 1<br>7:15 Dubidze Kolonia<br>7:25 Pie\u0144ki Dubidzkie<br>7:30 Dubidze za Dworem<\/p>\n\n\n\n<p>Kurs 2<br>7:50 Kruplin Radomszcza\u0144ski<br>7:55 Kruplin \u015aredni, Kruplin Parcel, Kruplin Piaski<\/p>\n\n\n\n<p><strong>Bus<\/strong><br>Kurs 1 \u2013 opiekun Anna \u015amigiel<br>6:50 P\u0142aczki<br>7:05 Patrzyk\u00f3w<br>7:15 \u0141\u0105\u017cek<br>7:20 P\u0142aszczyzna<br>7:23 Zimna Woda<br>7:27 Dworszowice Ko\u015bcielne (g\u00f3rka)<br>7:35 Dworszowice Ko\u015bcielne Szko\u0142a (wysiadaj\u0105 dzieci z Filii, wsiadaj\u0105 dzieci z Dworszowic Ko\u015bcielnych Kolonia)<\/p>\n\n\n\n<p>Kurs 2<br>7:50 Nowa Brze\u017anica ul. \u0141\u0105czki, Kruplin Barbar\u00f3wka<br><\/p>\n\n\n\n<h3 class=\"wp-block-heading has-text-align-center\">ODWOZY &#8211; DNI NAUKI SZKOLNEJ 2025\/2026<\/h3>\n\n\n\n<p class=\"has-text-align-left\"><strong>Autobus Nr 2<\/strong><br>Kurs 1<br>12:55 Kruplin<br>Kurs 2<br>13:50 Dubidze, Dubidze Kolonia, Pie\u0144ki Dubidzkie<br>Kurs 3<br>14:10 Dworszowice, Konstantyn\u00f3w, Janki, Gaj\u0119cice<br>Kurs 4<br>14:40 Dubidze, Dubidze Kolonia, Pie\u0144ki Dubidzkie<br>Kurs 5<br>15:00 Dworszowice, Konstantyn\u00f3w, Janki, Gaj\u0119cice<\/p>\n\n\n\n<p><strong>Autobus Nr 3<\/strong><br>Kurs nr 1<br>12:55 Nowa Brze\u017anica \u2013 Stara Brze\u017anica &#8211; Wa\u017cne M\u0142yny \u2013 Gojsc \u2013 Ku\u017anica &#8211; W\u00f3lka Prusicka \u2013 Zapole \u2013 Rz\u0119dowie \u2013 Prusicko &#8211; Nowa Brze\u017anica<br>Kurs nr 2<br>13:50 Nowa Brze\u017anica \u2013 Stara Brze\u017anica &#8211; Wa\u017cne M\u0142yny &#8211; Zapole \u2013 Rz\u0119dowie \u2013 Prusicko \u2013 Gojsc \u2013 Ku\u017anica &#8211; W\u00f3lka Prusicka &#8211; Nowa Brze\u017anica<br>Kurs nr 3<br>14:40 Nowa Brze\u017anica \u2013 Stara Brze\u017anica &#8211; Wa\u017cne M\u0142yny \u2013 Gojsc \u2013 Ku\u017anica &#8211; W\u00f3lka Prusicka \u2013 Zapole \u2013 Rz\u0119dowie \u2013 Prusicko &#8211; Nowa Brze\u017anica<\/p>\n\n\n\n<p><strong>Bus<\/strong><br>Kurs 1<br>12:55 Dubidze, Dubidze Kolonia<br>Kurs 2<br>13:10 Dworszowice Ko\u015bcielne, Konstantyn\u00f3w, Dworszowice Ko\u015bcielne Kolonia, \u0141\u0105\u017cek P\u0142aczki, Zimna Woda, P\u0142aszczyzna<br>13:15 dosiadaj\u0105 si\u0119 dzieci w szkole w Dworszowicach Ko\u015bcielnych \u2013 Patrzyk\u00f3w, \u0141\u0105\u017cek, Zimna Woda, P\u0142aszczyzna<br>Kurs 3<br>14:00 Kruplin<br>Kurs 4<br>14:40 Kruplin<br>Kurs 5<br>15:00 Dworszowice Ko\u015bcielnej, Zimna Woda, P\u0142aszczyzna, \u0141\u0105\u017cek, P\u0142aczki<\/p>\n\n\n\n<p class=\"has-text-align-center\"><em>Uczniowie i wychowankowie doje\u017cd\u017caj\u0105cy do szko\u0142y\/przedszkola z Dworszowic Ko\u015bcielnych wychodz\u0105 na przystanek autobusowy, autobus ko\u0142o szko\u0142y nie b\u0119dzie si\u0119 zatrzymywa\u0142.<\/em><\/p>\n\n\n\n<p class=\"has-text-align-center\"><br><\/p>\n","protected":false},"excerpt":{"rendered":"<p>harmonogram dowoz\u00f3w i odwoz\u00f3w uczni\u00f3w. DOWOZY &#8211; DNI NAUKI SZKOLNEJ 2025\/2026 Autobus Nr 1Kurs nr 107:15 Gaj\u0119cice Stare07:20 Janki07:25 Konstantyn\u00f3w07:30 [&hellip;]<\/p>\n","protected":false},"author":1,"featured_media":2674,"parent":0,"menu_order":0,"comment_status":"closed","ping_status":"closed","template":"","meta":{"ngg_post_thumbnail":0,"footnotes":""},"class_list":["post-457","page","type-page","status-publish","has-post-thumbnail","hentry"],"_links":{"self":[{"href":"https:\/\/zspnowabrzeznica.pl\/index.php\/wp-json\/wp\/v2\/pages\/457","targetHints":{"allow":["GET"]}}],"collection":[{"href":"https:\/\/zspnowabrzeznica.pl\/index.php\/wp-json\/wp\/v2\/pages"}],"about":[{"href":"https:\/\/zspnowabrzeznica.pl\/index.php\/wp-json\/wp\/v2\/types\/page"}],"author":[{"embeddable":true,"href":"https:\/\/zspnowabrzeznica.pl\/index.php\/wp-json\/wp\/v2\/users\/1"}],"replies":[{"embeddable":true,"href":"https:\/\/zspnowabrzeznica.pl\/index.php\/wp-json\/wp\/v2\/comments?post=457"}],"version-history":[{"count":9,"href":"https:\/\/zspnowabrzeznica.pl\/index.php\/wp-json\/wp\/v2\/pages\/457\/revisions"}],"predecessor-version":[{"id":2677,"href":"https:\/\/zspnowabrzeznica.pl\/index.php\/wp-json\/wp\/v2\/pages\/457\/revisions\/2677"}],"wp:featuredmedia":[{"embeddable":true,"href":"https:\/\/zspnowabrzeznica.pl\/index.php\/wp-json\/wp\/v2\/media\/2674"}],"wp:attachment":[{"href":"https:\/\/zspnowabrzeznica.pl\/index.php\/wp-json\/wp\/v2\/media?parent=457"}],"curies":[{"name":"wp","href":"https:\/\/api.w.org\/{rel}","templated":true}]}}